= 2*b + j - 17. What is the remainder when c is divided by b?
4
Suppose -20*l - 6 = -23*l. Suppose -3*f + l*f = 2*y - 13, 0 = 5*y + 5*f - 45. Suppose -y*g - 6*g = -50. Calculate the remainder when 29 is divided by g.
4
Let n(p) = -11*p. Let d be n(1). Let b = 16 + d. Suppose -b*t + 37 = -278. What is the remainder when t is divided by 17?
12
Let z(m) = -4*m + 86. Let a be z(21). What is the remainder when a/(-6) - (4 + (-1057)/21) is divided by 12?
10
Suppose 294*a = 4520 + 8710. What is the remainder when 343 is divided by a?
28
Let f(k) = 23*k - 443. What is the remainder when f(27) is divided by 13?
9
What is the remainder when 3448 is divided by (-3454)/(-50) + 6 + 10/(-125)?
73
Let v(g) = 197*g**2 + 4*g + 3. Calculate the remainder when v(-1) is divided by 7 + (-198)/(-12 - -6).
36
Let t be (3 - -1) + 1 + -25. Let f(u) = -8*u + 2 + 9*u + 14 + 13. Calculate the remainder when 13 is divided by f(t).
4
Let a = 52 + -47. Suppose 2*i + 2*q - 319 = -3*i, -3*q = -a*i + 334. What is the remainder when i is divided by 24?
17
Suppose 37*v = -8 - 991. What is the remainder when (6 + v)*(-12)/2 is divided by 4?
2
Suppose -47*r + 5907 = -36*r. Calculate the remainder when r is divided by 35.
12
Let t = -327 + 330. Suppose 0 = c - w - 10, -4 = 2*c - t*w - 25. What is the remainder when 20 is divided by c?
2
Let c(g) = 6*g**2 + 10 - 4*g**2 - 18*g + 45. Calculate the remainder when c(16) is divided by 47.
44
Let q(b) = -b**3 - 7*b**2 + 7*b + 7. Let i = 12 + -18. Let o be q(i). Let t = -27 - o. Calculate the remainder when t is divided by 9.
8
Let i(v) = v**2 - 3*v. Let f be i(4). Let l(h) = 3*h + 7*h + 3*h - 2*h - 8 - 2*h. Calculate the remainder when l(f) is divided by 8.
4
Suppose -175 = 3*z - 1042. Suppose -4*i = 3*w + 828, -4*i - 2*w = 333 + 491. Let y = z + i. Calculate the remainder when y is divided by 22.
19
Let m(u) = -3*u + 3. Let q be m(-1). What is the remainder when 35 is divided by (-42)/q - -3 - -13?
8
Suppose -26*p = -7*p - 152. Calculate the remainder when 49 is divided by (-10)/20 + 132/p.
1
Let y = -218 - -239. Suppose -4*c - 5*j + 22 = 3, 0 = -3*c + 3*j + y. Calculate the remainder when 14 is divided by c.
2
What is the remainder when 10232 is divided by ((-12)/18)/((140/345)/(-14))?
20
Let m = 69 + -66. Suppose 11*k = -m*k + 154. What is the remainder when 19 is divided by k?
8
Let i = -81 + 78. Calculate the remainder when 89 is divided by 4/((-8 - -4)/(-48)) - i.
38
Let p(r) = 22*r**2 - 5*r - 47*r**2 + 26*r**2 - 2. Calculate the remainder when 23 is divided by p(-2).
11
Let y(q) = 5*q**3 - 21*q**2 + 23*q + 87. Let r(m) = -2*m**3 - m**2 + 1. Let g(p) = 3*r(p) + y(p). Calculate the remainder when g(-25) is divided by 25.
15
What is the remainder when 2907 is divided by (4485/483 - 24/(-14))*66?
3
What is the remainder when 4263 is divided by -31 - -74 - (4 + (-1 - 1))?
40
Let k = 56 + -51. Suppose -19 = -2*g + 13. What is the remainder when k/(-1 + 7/6) is divided by g?
14
Let z(p) = 255*p - 5304. Let k(f) = -64*f - 4. Calculate the remainder when k(-4) is divided by z(21).
48
Suppose a + 107*i - 2368 = 108*i, -2*i = -5*a + 11834. What is the remainder when a is divided by 340?
326
Suppose -16*h - 7*h = -1840. Suppose 0 = 88*s - 78*s - h. Calculate the remainder when 182 is divided by s.
6
Suppose x = -4*w + 94 + 186, -3*x = -4*w + 280. What is the remainder when 221/1105 - 254/(-5) is divided by 1/2 - w/(-4)?
15
Let s(q) = 348*q - 2432. Calculate the remainder when 220 is divided by s(7).
0
Suppose 8 = -4*p, -4*s + 337 = -3*p + 39. Suppose -20 - 66 = -4*m - 2*w, 0 = 2*m - 5*w - s. What is the remainder when 163 is divided by m?
19
What is the remainder when 60 is divided by (12/(-9))/(-5 + (-11)/(2475/(-1120)))?
0
Let g(x) = x**2 + 2*x + 5. Let v be g(-6). Let s = 31 - v. Calculate the remainder when 4/(-14) - (-288)/28 is divided by s.
0
Let h = -35 + 50. Suppose -4*a - 5*v + 19 = 0, -7 - h = -4*a - 2*v. Let q = 10 + -4. What is the remainder when q is divided by a?
0
Calculate the remainder when 123/41 - (4372/(-14) + 6/21) is divided by 303.
12
Suppose 18*c = 17*c - 5. Calculate the remainder when 97 is divided by (-1)/c - 1287/(-65).
17
Suppose 75 = -0*b + b. Let o be (-2)/(-4)*14*(-63)/7. Let v = b + o. What is the remainder when 34 is divided by v?
10
Let w(v) = v + 11. Let f be w(-10). Suppose 4*t = 4, -2*n - 11 = -4*t - 31. Calculate the remainder when 67 is divided by f - (26/3)/(n/(-18)).
11
Suppose -2*j + h = -50, 11*h = -j + 9*h + 35. What is the remainder when 46 is divided by ((-18)/j + (-3)/(-3))*18?
4
Suppose 5*o = 2*o + k + 262, 5*k + 20 = 0. Calculate the remainder when (-3)/((-174)/o - (-3 - -1)) is divided by 33.
30
Suppose -14987 = 428*f - 58643. Suppose 13 = 2*p - 41. Calculate the remainder when f is divided by p.
21
Suppose -2*o + 7*o - 244 = -4*h, 4*o - 72 = -h. Let f(u) = -79*u**3 + 1. What is the remainder when f(-1) is divided by h?
24
Let p = 75 - 65. Let l be 2/p - (-574)/5. Let s = 112 + l. Calculate the remainder when s is divided by 23.
20
Suppose 13*d + 12*d - 3043 = 8*d. Calculate the remainder when d is divided by 104.
75
Let y(z) = -28*z**3 + 2*z**2 + z. Let h be (4/8)/(-1)*-14. Suppose h*d - 15*d - 8 = 0. What is the remainder when y(d) is divided by 8?
5
Let n(g) = 114*g**2 + 89*g - 401. Calculate the remainder when n(5) is divided by 181.
179
Suppose 0 = 5*i + m - 100, i + 4*m - 1 = -0. Let q(y) = -8*y**3 + 634*y**2 - 157*y - 73. What is the remainder when i is divided by q(79)?
3
Let c(n) = 2*n**2 - 4. Let h be c(-2). Let k be (12/(-3) + -18)*h. What is the remainder when ((-9)/(-6))/((-12)/k) is divided by 7?
4
Let p(w) = 1074*w - 1455. Calculate the remainder when p(11) is divided by 66.
63
Let u = 221 - 157. Let h = 76 - u. What is the remainder when 19 is divided by h?
7
Suppose -66*s - 8 = -70*s. Let w = 10 + -1. What is the remainder when w is divided by s?
1
Let v(o) = -o**3 - 7*o**2 + 33*o + 226. What is the remainder when 2620 is divided by v(-5)?
2
Let o(p) = -p**3 - 12*p**2 + 61*p + 292. What is the remainder when 398 is divided by o(-15)?
34
Let h(k) = -k**3 + 23*k**2 + 134*k + 23. What is the remainder when h(22) is divided by 128?
127
Suppose -24*w = -16778 + 10538. Calculate the remainder when 1045 is divided by w.
5
Let t(k) = -6*k - 5. Let c = -69 + 73. What is the remainder when t(-6) is divided by -4 - -2 - c - -14?
7
Suppose -4*c + 24 = 0, 19*s - 3*c = 16*s + 21. What is the remainder when -1*(-5)/(-1)*-23 is divided by s?
11
Let g = -346 + 552. Let l be (-6)/2 + 6 + 3. Calculate the remainder when g is divided by ((-18)/3)/(l/(-52)).
50
Let t(d) = -2*d**3 - 5*d**2 - 4*d. What is the remainder when ((-961818)/5187)/((-8)/28) is divided by t(-3)?
19
Suppose -3*w - 332 = -7*w + 3*b, -5*b = w - 60. Calculate the remainder when 1422 is divided by w.
62
Let o(x) = 57*x**2 - 53*x + 110. Calculate the remainder when 2316 is divided by o(2).
228
Calculate the remainder when (4 + 4878/(-24) + 8)/((-2)/56) is divided by 4.
3
Let x(p) = 2*p**2 + 19*p - 2. Let u(f) = -f**2 - 9*f + 1. Let c(g) = -9*u(g) - 4*x(g). Calculate the remainder when 37 is divided by c(-7).
11
Calculate the remainder when -7*(-5489)/77 - (-6 - -2) is divided by 38.
9
Suppose 0 = 3*o - 2 - 7, -2*a + 3*o = -61. Suppose -6*v + a = -253. Calculate the remainder when v is divided by 12.
0
Let t = 2433 - 2214. Suppose 4*f = -0*q + q + 54, -3*f + 50 = 4*q. What is the remainder when t is divided by f?
9
Let f(j) be the second derivative of j**4/12 - 3*j**3/2 - 7*j**2/2 + 7*j + 6. Calculate the remainder when 12 is divided by f(10).
0
Calculate the remainder when (-35)/(-42) - 62490/(-180) is divided by 27.
24
Let u(k) = 13*k + 17. Let g be u(3). Let h(a) = -3*a + 214. Calculate the remainder when 126 is divided by h(g).
34
Let j = -3732 + 3814. What is the remainder when 177 is divided by j?
13
Suppose 3*b - 1 - 11 = 30. Calculate the remainder when 5806 is divided by b.
10
Let s(r) = -r**3 - 2*r**2 + 3*r + 3. Let p be s(-2). Let v = -281 + 283. What is the remainder when p*v/(-18)*186 is divided by 16?
14
Suppose 0 = -73*f + 14584 - 3123. Calculate the remainder when f is divided by 32.
29
Suppose -2*d - 5*j = -1956, -27*d = -31*d - 3*j + 3856. What is the remainder when d is divided by 239?
2
Let w(a) = -a**3 +